 v = -8 + 11. What is the remainder when p is divided by v?
1
Suppose 4*n - 4*h = 8, -h + 8 = 4*n - 0*n. What is the remainder when 7 is divided by n?
1
Suppose 1 + 2 = 3*s. Let v = s - -20. Let r(l) = -3*l - 7. Calculate the remainder when v is divided by r(-6).
10
Let f = -23 - -24. Calculate the remainder when (4 + (-28)/(-4))/f is divided by 4.
3
Let p be 2 - (-12)/9*-21. Let i = p - -39. Calculate the remainder when i is divided by 8.
5
Let i(p) = -p**2 + 2*p + 6. What is the remainder when 9 is divided by i(3)?
0
Suppose 0*w + 278 = 2*w + 4*d, 0 = -4*w - 5*d + 565. Calculate the remainder when w is divided by 49.
47
Let n(f) = -f**3 - 5*f**2 - 6*f - 3. What is the remainder when 13 is divided by n(-4)?
3
Let z be (10/(-6))/(9/324). Calculate the remainder when 5 is divided by z/42*(-14)/4.
0
Let s(u) = -u**3 - 6*u**2 + 7. Let m be s(-5). Calculate the remainder when 16 is divided by (3/(-3))/(3/m).
4
Suppose -2*p = -i - 7, 2*p - 2*i = 2*i - 2. Calculate the remainder when 6 is divided by p.
1
What is the remainder when ((-12)/(-5))/((-16)/(-40)) is divided by 4?
2
Let l(s) = 5*s - 10. What is the remainder when l(9) is divided by 12?
11
Suppose -4*b + 5*f = -34, -2*b - 3*f = 2*b - 18. Calculate the remainder when 17 is divided by b.
5
Suppose 2*o + 5*f - 2 - 23 = 0, 3*o - 21 = -2*f. What is the remainder when (-6)/((-22)/6 + 3) is divided by o?
4
Let w(h) = h**3 - 8*h**2 + 8*h + 2. Let g(x) = -x + 3. Let v be g(-4). Calculate the remainder when 17 is divided by w(v).
8
Suppose 63 = 4*m - 293. Let v = m - 55. Let h = -18 + 30. What is the remainder when v is divided by h?
10
Calculate the remainder when 35*(1 + 8/(-20)) is divided by 11.
10
Let x = -3 + 6. Suppose w - 5 - 3 = 0. Calculate the remainder when w is divided by x.
2
Suppose -1 = 3*a + 4*r + 1, -a - 4*r - 14 = 0. Calculate the remainder when 15 + (6 - 2 - 2) is divided by a.
5
Let t(g) = 15*g**2 - g. Let y be t(2). Let n = -35 + y. Suppose -2*z + 20 = -4*c, -30 = -3*z - 2*c + 8. Calculate the remainder when n is divided by z.
11
Suppose 5*v + 0*v + o = -369, -o = -3*v - 223. Let d = v + 110. Calculate the remainder when d is divided by 13.
10
Suppose -7*i + 17 = -4. Suppose -7*j + 4*j + i*r = -192, 2*r - 250 = -4*j. Calculate the remainder when j is divided by 32.
31
Let y(m) = m - 5. Let f be y(8). Suppose -s + f*s - 14 = 0. Calculate the remainder when 13 is divided by s.
6
Let d(p) = -p**2 - 4*p + 2. Let i be d(-6). Calculate the remainder when 26 is divided by (-621)/(-45) + (-2)/i.
12
Let c = 6 - -2. What is the remainder when 31 is divided by c?
7
Let v = -10 - -20. Suppose 0 = -2*c - 12 + 2. Let g = c + 9. Calculate the remainder when v is divided by g.
2
What is the remainder when ((-14)/4)/((-21)/462) is divided by 10?
7
Suppose 45 + 24 = 3*h. Calculate the remainder when h is divided by (-13 + 9/3)/(-2).
3
Suppose 5*z + 4*h = 454, 0 = -z + 3*z - h - 192. Calculate the remainder when z is divided by 24.
22
Let o = -3 - -3. Suppose o = g - 0 - 2. Calculate the remainder when 3 + 4 + -4 + 2 is divided by g.
1
Let w = 44 - 87. Let l = -20 - w. Calculate the remainder when l is divided by 12.
11
Suppose -5*m + 59 + 56 = 0. Suppose 10 + 8 = 3*z. Calculate the remainder when m is divided by z.
5
Suppose 0 = -4*t - t + 5. Suppose t = z - 23. Let q(i) = -70*i**3 + i**2 + i. What is the remainder when q(-1) is divided by z?
22
Let f be 1*-2*5/(-2). Let l(a) be the first derivative of -a**4/4 + 4*a**3/3 + 3*a**2 - a + 2. What is the remainder when 10 is divided by l(f)?
2
Suppose -4*d = -38 - 186. Suppose -2*y - 2*y = -d. What is the remainder when 41 is divided by y?
13
Let a be 1/2 - (-21)/6. Suppose 2*s + a - 16 = 0. Suppose 5*h = -4 + 24. Calculate the remainder when s is divided by h.
2
Let s(p) = 2*p + 9. Let d = -79 + 114. Calculate the remainder when d is divided by s(0).
8
Let k(b) = -6*b - 9. What is the remainder when 17 is divided by k(-3)?
8
Let s(t) = 3*t + 1. Let y(u) = u**3 - 2*u**2 + 2*u - 3. Calculate the remainder when s(0) is divided by y(2).
0
Suppose 2*x + 3*x + 14 = 2*f, 0 = 2*f + 3*x - 14. Let i be ((-4)/3)/(8/(-12)). Suppose i*u = -2*u + 72. Calculate the remainder when u is divided by f.
4
Let p = 129 - 80. Calculate the remainder when p is divided by 17.
15
Let t(r) = 7*r - 7. Let p(l) = 7*l - 6. Let o(w) = 6*p(w) - 5*t(w). Calculate the remainder when o(5) is divided by 12.
10
Let i be (-1 - -1)*2/(-4). Suppose 5 + i = s, -4*s + 43 = n. What is the remainder when 44 is divided by n?
21
Calculate the remainder when ((-8)/4 + -71)*-1 is divided by 19.
16
Let o = 4 + 1. Suppose -2*y - o*v - 9 = 0, 0*y + y + 3*v = -6. Suppose -z - y*d + 3 = 0, -z + 11 = d - 6*d. What is the remainder when 17 is divided by z?
5
Calculate the remainder when 4/(-30) + 620/150 - -127 is divided by 44.
43
Let y = -23 + 39. What is the remainder when 46 is divided by y?
14
Suppose -5*t + 40 = -0. Calculate the remainder when 22 is divided by t.
6
Suppose 3*a + 5*x - 26 = 20, -3*a = -4*x - 1. What is the remainder when -2 + 2 - (1 + -16) is divided by a?
1
Let m(c) = c**3 + 8*c**2 + 4*c + 2. Calculate the remainder when 44 is divided by m(-7).
21
Suppose -s = -3*w + 26, 3 = 4*w + 3*s - 36. Suppose 47 = 3*p - 211. Let f = -60 + p. Calculate the remainder when f is divided by w.
8
Let j(k) = 2*k**2 - 6*k - 14. Calculate the remainder when j(8) is divided by 14.
10
Let i = -12 + 24. Suppose -z + i = 2*j, -2*z + 4*j = -5*z + 32. What is the remainder when 21 is divided by z?
5
Let l(k) = k**2 - 4*k + 3. Calculate the remainder when 46 is divided by l(-3).
22
Suppose -3*r = f + 6, f = -4*r - 3 - 0. Calculate the remainder when (-1 + (-3)/f)*-35 is divided by 10.
8
Let k = 11 + -6. Suppose k*t = 4*h - 143, -2*h + 7*h - 4*t = 172. What is the remainder when h is divided by 11?
10
Let n(t) = -3 + 7 - t - 2 - 1. Let y be n(-7). Calculate the remainder when 50 is divided by ((-2)/3)/(y/(-156)).
11
Let k(s) = -s**2 - s. Let y be k(-1). Suppose -3*o = -2*a - 111 - 19, y = -4*a - 20. What is the remainder when o is divided by 14?
12
Let f = 10 + -1. Calculate the remainder when (-17)/((-2)/(-2) + -2) is divided by f.
8
Let p(c) = 4*c**2 - 3. Let x(d) = 5*d**2 + d - 3. Let v(s) = -6*p(s) + 5*x(s). Calculate the remainder when 49 is divided by v(-7).
15
Let q be 38/(4/12*6). Suppose 3*c = -5*s + q, 2*c + s - 10 = 5. What is the remainder when 43/2 + (-2)/(-4) is divided by c?
6
Suppose 1 = 4*g - 3. Suppose -w = g - 14. Let z = 0 + w. What is the remainder when 37 is divided by z?
11
Let q(l) be the second derivative of -13*l**3/6 - 2*l**2 + 5*l. Calculate the remainder when q(-4) is divided by 17.
14
Suppose 5*m + 44 = a, 3*a - 132 = 3*m - 36. Calculate the remainder when 83 is divided by a.
25
Let q = 7 + 12. Suppose -w - o + 18 = 2*w, -q = -2*w - 3*o. Calculate the remainder when w is divided by 4.
1
Let n(l) = 1 - 9 + 4*l**2 + 8*l - 2*l**2. Let c(v) = -4*v. What is the remainder when n(-7) is divided by c(-3)?
10
Let g(s) = -4*s - 2. Let r be g(-1). What is the remainder when (2 - 1 - r) + 95 is divided by 24?
22
Suppose -2*n = 8*n - 30. Let f = 2 + -2. Suppose f*h = -5*h + 55. What is the remainder when h is divided by n?
2
Let w = 173 - 4. Calculate the remainder when w is divided by 57.
55
Suppose -4*c + 15 = -c. Suppose -10*m + 10 = -c*m. What is the remainder when m is divided by 1?
0
Let m = 17 + -8. What is the remainder when 35 is divided by m?
8
Suppose -4*j = 3 + 1. Let x be 30/24*4/j. Let c(n) = 2*n**2 - 2*n - 5. Calculate the remainder when c(x) is divided by 19.
17
Let h(w) = w**2 + 2*w + 5. Let l(s) = 5*s**2. Let p be l(-1). Suppose p = -o + 15. Calculate the remainder when h(4) is divided by o.
9
Let n = 13 - 7. Let s be 4506/30 - (-2)/(-10). Calculate the remainder when ((-2)/(-5))/(6/s) is divided by n.
4
Calculate the remainder when 61 is divided by (5 - 3)*34/4.
10
Let u = -63 - -81. What is the remainder when 34 is divided by u?
16
Suppose 3*m - m + 4*j = 178, -408 = -4*m + 5*j. What is the remainder when m is divided by 13?
6
Let j = 1 - 0. Let h be 1 + j/1 - -26. Let k = h - 8. Calculate the remainder when k is divided by 7.
6
What is the remainder when 47 is divided by (16/2)/1 - (-26)/13?
7
Suppose -56 = -4*y - 16. What is the remainder when 34 is divided by y?
